factors of 2459323235.
5, 19, 101, 256313
List the prime factors of 3658889868.
2, 3, 304907489
What are the prime factors of 888397761?
3, 296132587
What are the prime factors of 7077431380?
2, 5, 557, 635317
List the prime factors of 388979451.
3, 7, 163, 37879
List the prime factors of 66570091.
7, 19, 500527
What are the prime factors of 41490995?
5, 7, 13, 1861
What are the prime factors of 67172668?
2, 593, 28319
List the prime factors of 2243868607.
17, 151, 874121
What are the prime factors of 1662726770?
2, 5, 166272677
What are the prime factors of 816383091?
3, 23, 47, 251737
List the prime factors of 589238.
2, 13, 131, 173
List the prime factors of 2189833.
281, 7793
List the prime factors of 537187182.
2, 3, 7, 17, 331, 2273
What are the prime factors of 550410115?
5, 31, 59, 139, 433
List the prime factors of 159280735.
5, 17, 83, 107, 211
What are the prime factors of 3072997526?
2, 1536498763
What are the prime factors of 626492006?
2, 7, 44749429
List the prime factors of 803224502.
2, 3907, 102793
What are the prime factors of 119095790?
2, 5, 11, 61, 17749
List the prime factors of 26058813.
3, 11, 353, 2237
List the prime factors of 35513895.
3, 5, 37, 61, 1049
List the prime factors of 365197705.
5, 89, 9221
List the prime factors of 183918499.
19, 97, 99793
List the prime factors of 31450384.
2, 7, 23, 29, 421
List the prime factors of 3310208317.
13, 254631409
What are the prime factors of 94551187?
2011, 47017
List the prime factors of 102484677.
3, 34161559
What are the prime factors of 2561585294?
2, 53, 24165899
List the prime factors of 52352196.
2, 3, 13, 335591
What are the prime factors of 2378934388?
2, 37, 3209, 5009
What are the prime factors of 126386667?
3, 11, 1049, 1217
List the prime factors of 954524334.
2, 3, 23, 113, 61211
What are the prime factors of 32364768?
2, 3, 53, 6361
List the prime factors of 3078821627.
7, 29, 1193, 12713
What are the prime factors of 510719025?
3, 5, 23, 107, 2767
List the prime factors of 24482960.
2, 5, 29, 61, 173
What are the prime factors of 38811532?
2, 9702883
List the prime factors of 390425345.
5, 23, 107, 31729
What are the prime factors of 3048168?
2, 3, 17, 31, 241
What are the prime factors of 56796572?
2, 7, 709, 2861
What are the prime factors of 100142433?
3, 1051, 3529
What are the prime factors of 539947001?
11, 43, 223, 5119
What are the prime factors of 3064413278?
2, 1532206639
What are the prime factors of 18565683?
3, 17, 31, 11743
List the prime factors of 7202481164.
2, 19, 94769489
What are the prime factors of 194911184?
2, 13, 109, 8597
List the prime factors of 184229009.
184229009
List the prime factors of 389117935.
5, 47, 1655821
List the prime factors of 1213873484.
2, 23, 107, 123311
List the prime factors of 570657.
3, 223, 853
List the prime factors of 3050637556.
2, 17, 44862317
List the prime factors of 353657736.
2, 3, 1627, 3019
What are the prime factors of 158967802?
2, 7, 149, 76207
List the prime factors of 607175359.
7, 86739337
What are the prime factors of 58393583?
58393583
What are the prime factors of 2060578401?
3, 7, 31, 71, 109, 409
What are the prime factors of 843010554?
2, 3, 140501759
What are the prime factors of 2424709327?
43, 547, 103087
List the prime factors of 88466935.
5, 17693387
List the prime factors of 2733303323.
2733303323
List the prime factors of 20731363.
41, 505643
What are the prime factors of 67366319?
2399, 28081
List the prime factors of 3639257.
47, 77431
What are the prime factors of 206757182?
2, 29, 61, 58439
What are the prime factors of 39407537?
13, 1021, 2969
List the prime factors of 3047235384.
2, 3, 126968141
List the prime factors of 422056746.
2, 3, 23447597
What are the prime factors of 144123193?
353, 557, 733
List the prime factors of 1163699477.
101, 114077
What are the prime factors of 347170447?
13, 17, 149, 811
List the prime factors of 94338915.
3, 5, 11, 571751
List the prime factors of 3192028016.
2, 347, 574933
What are the prime factors of 162424451?
7, 23203493
What are the prime factors of 286092665?
5, 149, 384017
List the prime factors of 456029344.
2, 31, 47, 9781
List the prime factors of 1673831349.
3, 2389, 77849
List the prime factors of 44171902.
2, 79, 263, 1063
What are the prime factors of 1225301760?
2, 3, 5, 106363
What are the prime factors of 157964529?
3, 23, 79, 28979
What are the prime factors of 161027698?
2, 13, 19, 233, 1399
What are the prime factors of 797659508?
2, 199414877
List the prime factors of 2135235014.
2, 11, 9433, 10289
List the prime factors of 1821073516.
2, 197, 11731
List the prime factors of 223837960.
2, 5, 5595949
List the prime factors of 662556415.
5, 47, 223, 269
List the prime factors of 2031755813.
89, 337, 67741
What are the prime factors of 26529728?
2, 109, 3803
List the prime factors of 940478429.
11, 1487, 5227
What are the prime factors of 69962386?
2, 13, 313, 8597
What are the prime factors of 218513200?
2, 5, 546283
List the prime factors of 931179904.
2, 139, 199, 263
List the prime factors of 1297117929.
3, 127, 3404509
List the prime factors of 39309383.
39309383
What are the prime factors of 57389584?
2, 7, 71, 1031
List the prime factors of 2610844.
2, 103, 6337
List the prime factors of 2059823.
2059823
List the prime factors of 763996531.
677, 1128503
List the prime factors of 2197485628.
2, 13, 42259339
List the prime factors of 507043304.
2, 63380413
List the prime factors of 482401902.
2, 3, 239, 336403
What are the prime factors of 6279732246?
2, 3, 149, 7024309
List the prime factors of 34508332.
2, 19, 31, 97, 151
What are the prime factors of 41589158?
2, 13, 1599583
List the prime factors of 370437385.
5, 7699, 9623
What are the prime factors of 826281946?
2, 7, 23, 2566093
What are the prime factors of 1817256872?
2, 227157109
List the prime factors of 943276981.
47, 20069723
List the prime factors of 306197221.
11, 179, 155509
List the prime factors of 580853082.
2, 3, 397, 243851
List the prime factors of 45163185.
3, 5, 139, 21661
List the prime factors of 58341003.
3, 7, 2778143
What are the prime factors of 279615146?
2, 1049, 133277
List the prime factors of 9051854.
2, 7, 17, 73, 521
What are the prime factors of 136256227?
137, 994571
List the prime factors of 2786650676.
2, 17, 40980157
What are the prime factors of 608489929?
608489929
What are the prime factors of 423355655?
5, 84671131
List the prime factors of 4507099.
4507099
List the prime factors of 500290296.
2, 3, 11, 23, 82393
What are the prime factors of 12475699?
991, 12589
What are the prime factors of 253100255?
5, 29, 1745519
What are the prime factors of 374915382?
2, 3, 17, 59, 62299
What are the prime factors of 732122895?
3, 5, 7, 433, 16103
List the prime factors of 67011035.
5, 7, 13, 11329
List the prime factors of 2053072500.
2, 3, 5, 457, 599
List the prime factors of 30749403.
3, 10249801
What are the prime factors of 386417216?
2, 71, 277, 307
What are the prime factors of 1343499091?
11, 127, 961703
List the prime factors of 409662211.
7, 19, 3080167
List the prime factors of 8994568.
2, 11, 43, 2377
List the prime factors of 90906453.
3, 11, 83477
What are the prime factors of 557735413?
43, 3469, 3739
What are the prime factors of 39216450?
2, 3, 5, 7, 13, 17
List the prime factors of 2780608201.
7, 37, 43, 61, 4093
What are the prime factors of 120921329?
29, 337, 12373
What are the prime factors of 186959155?
5, 37391831
What are the prime factors of 387936698?
2, 61, 149, 21341
What are the prime factors of 7293805?
5, 491, 2971
List the prime factors of 699090668.
2, 7159, 24413
What are the prime factors of 516965131?
516965131
What are the prime factors of 4971936761?
11, 451994251
List the prime factors of 1777452904.
2, 222181613
List the prime factors of 224925708.
2, 3, 7, 17, 31, 5081
List the prime factors of 155472150.
2, 3, 5, 37, 109, 257
What are the prime factors of 73310412?
2, 3, 7, 31, 47, 599
List the prime factors of 2791834079.
14177, 196927
What are the prime factors of 67948626?
2, 3, 17, 167, 3989
What are the prime factors of 121135630?
2, 5, 7, 11, 61, 2579
What are the prime factors of 796121?
796121
What are the prime factors of 125125547?
1093, 114479
What are the prime fact